{"id":108,"date":"2020-01-31T16:59:45","date_gmt":"2020-01-31T16:59:45","guid":{"rendered":"http:\/\/orderwisly.pl\/?page_id=108"},"modified":"2020-02-17T21:52:24","modified_gmt":"2020-02-17T21:52:24","slug":"i-gala-orderu-rzeki-wisly-galeria-zdjec","status":"publish","type":"page","link":"https:\/\/orderwisly.pl\/?page_id=108","title":{"rendered":"I Gala Orderu Rzeki Wis\u0142y &#8211; galeria zdj\u0119\u0107"},"content":{"rendered":"\n<ul class=\"wp-block-gallery columns-4 is-cropped wp-block-gallery-1 is-layout-flex wp-block-gallery-is-layout-flex\"><li class=\"blocks-gallery-item\"><figure><a href=\"https:\/\/orderwisly.pl\/?attachment_id=62\"><img loading=\"lazy\" decoding=\"async\" width=\"1024\" height=\"683\" src=\"https:\/\/orderwisly.pl\/wp-content\/uploads\/2019\/03\/DSC_0918-1024x683.jpg\" alt=\"\" data-id=\"62\" data-link=\"https:\/\/orderwisly.pl\/?attachment_id=62\" class=\"wp-image-62\"\/><\/a><\/figure><\/li><li class=\"blocks-gallery-item\"><figure><a href=\"https:\/\/orderwisly.pl\/?attachment_id=60\"><img loading=\"lazy\" decoding=\"async\" width=\"1024\" height=\"683\" src=\"https:\/\/orderwisly.pl\/wp-content\/uploads\/2019\/03\/DSC_0916-1024x683.jpg\" alt=\"\" data-id=\"60\" data-link=\"https:\/\/orderwisly.pl\/?attachment_id=60\" class=\"wp-image-60\"\/><\/a><\/figure><\/li><li class=\"blocks-gallery-item\"><figure><a href=\"https:\/\/orderwisly.pl\/?attachment_id=55\"><img loading=\"lazy\" decoding=\"async\" width=\"683\" height=\"1024\" src=\"https:\/\/orderwisly.pl\/wp-content\/uploads\/2019\/03\/DSC_0908-e1580488565555-683x1024.jpg\" alt=\"\" data-id=\"55\" data-link=\"https:\/\/orderwisly.pl\/?attachment_id=55\" class=\"wp-image-55\" srcset=\"https:\/\/orderwisly.pl\/wp-content\/uploads\/2019\/03\/DSC_0908-e1580488565555-683x1024.jpg 683w, https:\/\/orderwisly.pl\/wp-content\/uploads\/2019\/03\/DSC_0908-e1580488565555-200x300.jpg 200w, https:\/\/orderwisly.pl\/wp-content\/uploads\/2019\/03\/DSC_0908-e1580488565555-768x1152.jpg 768w, https:\/\/orderwisly.pl\/wp-content\/uploads\/2019\/03\/DSC_0908-e1580488565555.jpg 800w\" sizes=\"auto, (max-width: 683px) 100vw, 683px\" \/><\/a><\/figure><\/li><li class=\"blocks-gallery-item\"><figure><a href=\"https:\/\/orderwisly.pl\/?attachment_id=56\"><img loading=\"lazy\" decoding=\"async\" width=\"683\" height=\"1024\" src=\"https:\/\/orderwisly.pl\/wp-content\/uploads\/2019\/03\/DSC_0910-e1580488488941-683x1024.jpg\" alt=\"\" data-id=\"56\" data-link=\"https:\/\/orderwisly.pl\/?attachment_id=56\" class=\"wp-image-56\" srcset=\"https:\/\/orderwisly.pl\/wp-content\/uploads\/2019\/03\/DSC_0910-e1580488488941-683x1024.jpg 683w, https:\/\/orderwisly.pl\/wp-content\/uploads\/2019\/03\/DSC_0910-e1580488488941-200x300.jpg 200w, https:\/\/orderwisly.pl\/wp-content\/uploads\/2019\/03\/DSC_0910-e1580488488941-768x1152.jpg 768w, https:\/\/orderwisly.pl\/wp-content\/uploads\/2019\/03\/DSC_0910-e1580488488941.jpg 800w\" sizes=\"auto, (max-width: 683px) 100vw, 683px\" \/><\/a><\/figure><\/li><li class=\"blocks-gallery-item\"><figure><a href=\"https:\/\/orderwisly.pl\/?attachment_id=57\"><img loading=\"lazy\" decoding=\"async\" width=\"683\" height=\"1024\" src=\"https:\/\/orderwisly.pl\/wp-content\/uploads\/2019\/03\/DSC_0911-e1580488379843-683x1024.jpg\" alt=\"\" data-id=\"57\" data-link=\"https:\/\/orderwisly.pl\/?attachment_id=57\" class=\"wp-image-57\" srcset=\"https:\/\/orderwisly.pl\/wp-content\/uploads\/2019\/03\/DSC_0911-e1580488379843-683x1024.jpg 683w, https:\/\/orderwisly.pl\/wp-content\/uploads\/2019\/03\/DSC_0911-e1580488379843-200x300.jpg 200w, https:\/\/orderwisly.pl\/wp-content\/uploads\/2019\/03\/DSC_0911-e1580488379843-768x1152.jpg 768w, https:\/\/orderwisly.pl\/wp-content\/uploads\/2019\/03\/DSC_0911-e1580488379843.jpg 800w\" sizes=\"auto, (max-width: 683px) 100vw, 683px\" \/><\/a><\/figure><\/li><li class=\"blocks-gallery-item\"><figure><a href=\"https:\/\/orderwisly.pl\/?attachment_id=58\"><img loading=\"lazy\" decoding=\"async\" width=\"683\" height=\"1024\" src=\"https:\/\/orderwisly.pl\/wp-content\/uploads\/2019\/03\/DSC_0912-e1580488277851-683x1024.jpg\" alt=\"\" data-id=\"58\" data-link=\"https:\/\/orderwisly.pl\/?attachment_id=58\" class=\"wp-image-58\" srcset=\"https:\/\/orderwisly.pl\/wp-content\/uploads\/2019\/03\/DSC_0912-e1580488277851-683x1024.jpg 683w, https:\/\/orderwisly.pl\/wp-content\/uploads\/2019\/03\/DSC_0912-e1580488277851-200x300.jpg 200w, https:\/\/orderwisly.pl\/wp-content\/uploads\/2019\/03\/DSC_0912-e1580488277851-768x1152.jpg 768w, https:\/\/orderwisly.pl\/wp-content\/uploads\/2019\/03\/DSC_0912-e1580488277851.jpg 800w\" sizes=\"auto, (max-width: 683px) 100vw, 683px\" \/><\/a><\/figure><\/li><li class=\"blocks-gallery-item\"><figure><a href=\"https:\/\/orderwisly.pl\/?attachment_id=59\"><img loading=\"lazy\" decoding=\"async\" width=\"1024\" height=\"683\" src=\"https:\/\/orderwisly.pl\/wp-content\/uploads\/2019\/03\/DSC_0915-1024x683.jpg\" alt=\"\" data-id=\"59\" data-link=\"https:\/\/orderwisly.pl\/?attachment_id=59\" class=\"wp-image-59\"\/><\/a><\/figure><\/li><li class=\"blocks-gallery-item\"><figure><a href=\"https:\/\/orderwisly.pl\/?attachment_id=54\"><img loading=\"lazy\" decoding=\"async\" width=\"1024\" height=\"683\" src=\"https:\/\/orderwisly.pl\/wp-content\/uploads\/2019\/03\/DSC_0907-1024x683.jpg\" alt=\"\" data-id=\"54\" data-link=\"https:\/\/orderwisly.pl\/?attachment_id=54\" class=\"wp-image-54\"\/><\/a><\/figure><\/li><li class=\"blocks-gallery-item\"><figure><a href=\"https:\/\/orderwisly.pl\/?attachment_id=53\"><img loading=\"lazy\" decoding=\"async\" width=\"1024\" height=\"683\" src=\"https:\/\/orderwisly.pl\/wp-content\/uploads\/2019\/03\/DSC_0903-1024x683.jpg\" alt=\"\" data-id=\"53\" data-link=\"https:\/\/orderwisly.pl\/?attachment_id=53\" class=\"wp-image-53\"\/><\/a><\/figure><\/li><li class=\"blocks-gallery-item\"><figure><a href=\"https:\/\/orderwisly.pl\/?attachment_id=52\"><img loading=\"lazy\" decoding=\"async\" width=\"1024\" height=\"683\" src=\"https:\/\/orderwisly.pl\/wp-content\/uploads\/2019\/03\/DSC_0902-1024x683.jpg\" alt=\"\" data-id=\"52\" data-link=\"https:\/\/orderwisly.pl\/?attachment_id=52\" class=\"wp-image-52\"\/><\/a><\/figure><\/li><li class=\"blocks-gallery-item\"><figure><a href=\"https:\/\/orderwisly.pl\/?attachment_id=51\"><img loading=\"lazy\" decoding=\"async\" width=\"1024\" height=\"683\" src=\"https:\/\/orderwisly.pl\/wp-content\/uploads\/2019\/03\/DSC_0901-1024x683.jpg\" alt=\"\" data-id=\"51\" data-link=\"https:\/\/orderwisly.pl\/?attachment_id=51\" class=\"wp-image-51\"\/><\/a><\/figure><\/li><li class=\"blocks-gallery-item\"><figure><a href=\"https:\/\/orderwisly.pl\/?attachment_id=50\"><img loading=\"lazy\" decoding=\"async\" width=\"1024\" height=\"683\" src=\"https:\/\/orderwisly.pl\/wp-content\/uploads\/2019\/03\/DSC_0900-1024x683.jpg\" alt=\"\" data-id=\"50\" data-link=\"https:\/\/orderwisly.pl\/?attachment_id=50\" class=\"wp-image-50\"\/><\/a><\/figure><\/li><li class=\"blocks-gallery-item\"><figure><a href=\"https:\/\/orderwisly.pl\/?attachment_id=45\"><img loading=\"lazy\" decoding=\"async\" width=\"1024\" height=\"683\" src=\"https:\/\/orderwisly.pl\/wp-content\/uploads\/2019\/03\/DSC_0893-1024x683.jpg\" alt=\"\" data-id=\"45\" data-link=\"https:\/\/orderwisly.pl\/?attachment_id=45\" class=\"wp-image-45\"\/><\/a><\/figure><\/li><li class=\"blocks-gallery-item\"><figure><a href=\"https:\/\/orderwisly.pl\/?attachment_id=46\"><img loading=\"lazy\" decoding=\"async\" width=\"1024\" height=\"683\" src=\"https:\/\/orderwisly.pl\/wp-content\/uploads\/2019\/03\/DSC_0894-1024x683.jpg\" alt=\"\" data-id=\"46\" data-link=\"https:\/\/orderwisly.pl\/?attachment_id=46\" class=\"wp-image-46\"\/><\/a><\/figure><\/li><li class=\"blocks-gallery-item\"><figure><a href=\"https:\/\/orderwisly.pl\/?attachment_id=47\"><img loading=\"lazy\" decoding=\"async\" width=\"683\" height=\"1024\" src=\"https:\/\/orderwisly.pl\/wp-content\/uploads\/2019\/03\/DSC_0896-e1580489049675-683x1024.jpg\" alt=\"\" data-id=\"47\" data-link=\"https:\/\/orderwisly.pl\/?attachment_id=47\" class=\"wp-image-47\" srcset=\"https:\/\/orderwisly.pl\/wp-content\/uploads\/2019\/03\/DSC_0896-e1580489049675-683x1024.jpg 683w, https:\/\/orderwisly.pl\/wp-content\/uploads\/2019\/03\/DSC_0896-e1580489049675-200x300.jpg 200w, https:\/\/orderwisly.pl\/wp-content\/uploads\/2019\/03\/DSC_0896-e1580489049675-768x1152.jpg 768w, https:\/\/orderwisly.pl\/wp-content\/uploads\/2019\/03\/DSC_0896-e1580489049675.jpg 800w\" sizes=\"auto, (max-width: 683px) 100vw, 683px\" \/><\/a><\/figure><\/li><li class=\"blocks-gallery-item\"><figure><a href=\"https:\/\/orderwisly.pl\/?attachment_id=48\"><img loading=\"lazy\" decoding=\"async\" width=\"1024\" height=\"683\" src=\"https:\/\/orderwisly.pl\/wp-content\/uploads\/2019\/03\/DSC_0897-1024x683.jpg\" alt=\"\" data-id=\"48\" data-link=\"https:\/\/orderwisly.pl\/?attachment_id=48\" class=\"wp-image-48\"\/><\/a><\/figure><\/li><li class=\"blocks-gallery-item\"><figure><a href=\"https:\/\/orderwisly.pl\/?attachment_id=49\"><img loading=\"lazy\" decoding=\"async\" width=\"1024\" height=\"683\" src=\"https:\/\/orderwisly.pl\/wp-content\/uploads\/2019\/03\/DSC_0899-1024x683.jpg\" alt=\"\" data-id=\"49\" data-link=\"https:\/\/orderwisly.pl\/?attachment_id=49\" class=\"wp-image-49\"\/><\/a><\/figure><\/li><li class=\"blocks-gallery-item\"><figure><a href=\"https:\/\/orderwisly.pl\/?attachment_id=44\"><img loading=\"lazy\" decoding=\"async\" width=\"1024\" height=\"683\" src=\"https:\/\/orderwisly.pl\/wp-content\/uploads\/2019\/03\/DSC_0892-1024x683.jpg\" alt=\"\" data-id=\"44\" data-link=\"https:\/\/orderwisly.pl\/?attachment_id=44\" class=\"wp-image-44\"\/><\/a><\/figure><\/li><li class=\"blocks-gallery-item\"><figure><a href=\"https:\/\/orderwisly.pl\/?attachment_id=43\"><img loading=\"lazy\" decoding=\"async\" width=\"1024\" height=\"683\" src=\"https:\/\/orderwisly.pl\/wp-content\/uploads\/2019\/03\/DSC_0891-1024x683.jpg\" alt=\"\" data-id=\"43\" data-link=\"https:\/\/orderwisly.pl\/?attachment_id=43\" class=\"wp-image-43\"\/><\/a><\/figure><\/li><li class=\"blocks-gallery-item\"><figure><a href=\"https:\/\/orderwisly.pl\/?attachment_id=42\"><img loading=\"lazy\" decoding=\"async\" width=\"1024\" height=\"683\" src=\"https:\/\/orderwisly.pl\/wp-content\/uploads\/2019\/03\/DSC_0890-1024x683.jpg\" alt=\"\" data-id=\"42\" data-link=\"https:\/\/orderwisly.pl\/?attachment_id=42\" class=\"wp-image-42\"\/><\/a><\/figure><\/li><li class=\"blocks-gallery-item\"><figure><a href=\"https:\/\/orderwisly.pl\/?attachment_id=41\"><img loading=\"lazy\" decoding=\"async\" width=\"1024\" height=\"683\" src=\"https:\/\/orderwisly.pl\/wp-content\/uploads\/2019\/03\/DSC_0888-1024x683.jpg\" alt=\"\" data-id=\"41\" data-link=\"https:\/\/orderwisly.pl\/?attachment_id=41\" class=\"wp-image-41\"\/><\/a><\/figure><\/li><li class=\"blocks-gallery-item\"><figure><a href=\"https:\/\/orderwisly.pl\/?attachment_id=40\"><img loading=\"lazy\" decoding=\"async\" width=\"1024\" height=\"683\" src=\"https:\/\/orderwisly.pl\/wp-content\/uploads\/2019\/03\/DSC_0884-1024x683.jpg\" alt=\"\" data-id=\"40\" data-link=\"https:\/\/orderwisly.pl\/?attachment_id=40\" class=\"wp-image-40\"\/><\/a><\/figure><\/li><li class=\"blocks-gallery-item\"><figure><a href=\"https:\/\/orderwisly.pl\/?attachment_id=34\"><img loading=\"lazy\" decoding=\"async\" width=\"1024\" height=\"683\" src=\"https:\/\/orderwisly.pl\/wp-content\/uploads\/2019\/03\/DSC_0873-1024x683.jpg\" alt=\"\" data-id=\"34\" data-link=\"https:\/\/orderwisly.pl\/?attachment_id=34\" class=\"wp-image-34\"\/><\/a><\/figure><\/li><li class=\"blocks-gallery-item\"><figure><a href=\"https:\/\/orderwisly.pl\/?attachment_id=35\"><img loading=\"lazy\" decoding=\"async\" width=\"1024\" height=\"683\" src=\"https:\/\/orderwisly.pl\/wp-content\/uploads\/2019\/03\/DSC_0876-1024x683.jpg\" alt=\"\" data-id=\"35\" data-link=\"https:\/\/orderwisly.pl\/?attachment_id=35\" class=\"wp-image-35\"\/><\/a><\/figure><\/li><li class=\"blocks-gallery-item\"><figure><a href=\"https:\/\/orderwisly.pl\/?attachment_id=37\"><img loading=\"lazy\" decoding=\"async\" width=\"1024\" height=\"683\" src=\"https:\/\/orderwisly.pl\/wp-content\/uploads\/2019\/03\/DSC_0878-1024x683.jpg\" alt=\"\" data-id=\"37\" data-link=\"https:\/\/orderwisly.pl\/?attachment_id=37\" class=\"wp-image-37\"\/><\/a><\/figure><\/li><li class=\"blocks-gallery-item\"><figure><a href=\"https:\/\/orderwisly.pl\/?attachment_id=38\"><img loading=\"lazy\" decoding=\"async\" width=\"1024\" height=\"683\" src=\"https:\/\/orderwisly.pl\/wp-content\/uploads\/2019\/03\/DSC_0880-1024x683.jpg\" alt=\"\" data-id=\"38\" data-link=\"https:\/\/orderwisly.pl\/?attachment_id=38\" class=\"wp-image-38\"\/><\/a><\/figure><\/li><li class=\"blocks-gallery-item\"><figure><a href=\"https:\/\/orderwisly.pl\/?attachment_id=39\"><img loading=\"lazy\" decoding=\"async\" width=\"1024\" height=\"683\" src=\"https:\/\/orderwisly.pl\/wp-content\/uploads\/2019\/03\/DSC_0882-1024x683.jpg\" alt=\"\" data-id=\"39\" data-link=\"https:\/\/orderwisly.pl\/?attachment_id=39\" class=\"wp-image-39\"\/><\/a><\/figure><\/li><\/ul>\n","protected":false},"excerpt":{"rendered":"","protected":false},"author":1,"featured_media":0,"parent":0,"menu_order":0,"comment_status":"closed","ping_status":"closed","template":"","meta":{"footnotes":""},"class_list":["post-108","page","type-page","status-publish","h-entry","hentry","h-as-page"],"_links":{"self":[{"href":"https:\/\/orderwisly.pl\/index.php?rest_route=\/wp\/v2\/pages\/108","targetHints":{"allow":["GET"]}}],"collection":[{"href":"https:\/\/orderwisly.pl\/index.php?rest_route=\/wp\/v2\/pages"}],"about":[{"href":"https:\/\/orderwisly.pl\/index.php?rest_route=\/wp\/v2\/types\/page"}],"author":[{"embeddable":true,"href":"https:\/\/orderwisly.pl\/index.php?rest_route=\/wp\/v2\/users\/1"}],"replies":[{"embeddable":true,"href":"https:\/\/orderwisly.pl\/index.php?rest_route=%2Fwp%2Fv2%2Fcomments&post=108"}],"version-history":[{"count":3,"href":"https:\/\/orderwisly.pl\/index.php?rest_route=\/wp\/v2\/pages\/108\/revisions"}],"predecessor-version":[{"id":154,"href":"https:\/\/orderwisly.pl\/index.php?rest_route=\/wp\/v2\/pages\/108\/revisions\/154"}],"wp:attachment":[{"href":"https:\/\/orderwisly.pl\/index.php?rest_route=%2Fwp%2Fv2%2Fmedia&parent=108"}],"curies":[{"name":"wp","href":"https:\/\/api.w.org\/{rel}","templated":true}]}}