{"id":193,"date":"2021-06-09T15:03:57","date_gmt":"2021-06-09T15:03:57","guid":{"rendered":"http:\/\/orderwisly.pl\/?page_id=193"},"modified":"2021-06-17T09:12:33","modified_gmt":"2021-06-17T09:12:33","slug":"program-iv-gali","status":"publish","type":"page","link":"https:\/\/orderwisly.pl\/?page_id=193","title":{"rendered":"Program IV Gali"},"content":{"rendered":"\n<p class=\"has-text-align-center\"><strong>Program<br>IV Gali Orderu Rzeki Wis\u0142y<br>Sandomierz 2021 r.<\/strong><\/p>\n\n\n\n<p><strong>Pi\u0105tek 23 lipca<\/strong><\/p>\n\n\n\n<p>Godz. 19.00, Stary Port przy Bulwarze im. J\u00f3zefa Pi\u0142sudskiego w Sandomierzu<br><strong>Koncert ballad<\/strong>, przywitanie flisak\u00f3w<br>Ballady, poezja wi\u015blana i morska w wykonaniu zespo\u0142u Klang, Marka Szurawskiego i innych.<\/p>\n\n\n\n<p><strong>Sobota, 24 lipca<\/strong><\/p>\n\n\n\n<p>Godz. 12:OO, Ko\u015bci\u00f3\u0142 pw. Nawr\u00f3cenia \u015bw. Paw\u0142a Aposto\u0142a w Sandomierzu,<br><strong>Msza \u015bwi\u0119ta w intencji flisak\u00f3w, \u017ceglarzy i sternik\u00f3w wi\u015blanych.<\/strong><br>Uroczysty przemarsz uczestnik\u00f3w Gali z ko\u015bcio\u0142a pw. \u015bw. Jakuba w Sandomierzu na wirydarz klasztoru oo. dominikan\u00f3w.<\/p>\n\n\n\n<p>Godz. 13:30, Wirydarz k<em>lasztoru <\/em>oo. <em>dominikan\u00f3w przy ko\u015bciele pw. \u015bw. Jakuba<\/em><br><strong>Gala Orderu Rzeki Wis\u0142y<\/strong>- uroczyste nadanie tytu\u0142u Kawalera Orderu Rzeki Wis\u0142y retmanowi Mieczys\u0142awowi \u0141ab\u0119ckiemu.<\/p>\n\n\n\n<p>Godz. 17:00, Rzeka Wis\u0142a przy bulwarze im. J\u00f3zefa Pi\u0142sudskiego<br><strong>Uroczysta parada na Wi\u015ble oraz <strong>tradycyjny chrzest \u0142odzi w o<\/strong><em><strong>brz\u0105dku sandomierskim<\/strong><\/em><\/strong>.<\/p>\n\n\n\n<p>Godz. 18.00, Bulwar im. J\u00f3zefa Pi\u0142sudskiego,<br><strong>Muzyczne toasty i wiwaty <\/strong>w wykonaniu gospodarzy oraz zaproszonych zespo\u0142\u00f3w. <br>(Koncert w ramach Gali Orderu Rzeki Wis\u0142y oraz Festiwalu Dooko\u0142a Wody)<br>Wyst\u0105pi\u0105: Horyzont Marze\u0144, Klang, Zejman i Garkumpel, Hambawenah i inni.<\/p>\n\n\n\n<p><strong>Niedziela, 25 lipca<\/strong><\/p>\n\n\n\n<p>Godz. 10:00, Stary Rynek (kotwica przy Ratuszu)<br><strong>\u201eWi\u015blanym szlakiem po Sandomierzu\u201d <\/strong>- spacer z przewodnikiem.<\/p>\n\n\n\n<p>Godz. 12:00, Bulwar im. J\u00f3zefa Pi\u0142sudskiego,<br><strong>Koncert dla dzieci ma\u0142ych i du\u017cych<\/strong> (Koncert w ramach Festiwalu Dooko\u0142a Wody)<\/p>\n","protected":false},"excerpt":{"rendered":"<p>ProgramIV Gali Orderu Rzeki Wis\u0142ySandomierz 2021 r. Pi\u0105tek 23 lipca Godz. 19.00, Stary Port przy Bulwarze im. J\u00f3zefa Pi\u0142sudskiego w SandomierzuKoncert ballad, przywitanie flisak\u00f3wBallady, poezja wi\u015blana i morska w wykonaniu zespo\u0142u Klang, Marka Szurawskiego i innych. Sobota, 24 lipca Godz. 12:OO, Ko\u015bci\u00f3\u0142 pw. Nawr\u00f3cenia \u015bw. Paw\u0142a Aposto\u0142a w Sandomierzu,Msza \u015bwi\u0119ta w intencji flisak\u00f3w, \u017ceglarzy i <a href=\"https:\/\/orderwisly.pl\/?page_id=193\" class=\"more-link\">Czytaj dalej...<span class=\"screen-reader-text\"> \"Program IV Gali\"<\/span><\/a><\/p>\n","protected":false},"author":1,"featured_media":0,"parent":0,"menu_order":0,"comment_status":"closed","ping_status":"closed","template":"","meta":{"footnotes":""},"class_list":["post-193","page","type-page","status-publish","h-entry","hentry","h-as-page"],"_links":{"self":[{"href":"https:\/\/orderwisly.pl\/index.php?rest_route=\/wp\/v2\/pages\/193","targetHints":{"allow":["GET"]}}],"collection":[{"href":"https:\/\/orderwisly.pl\/index.php?rest_route=\/wp\/v2\/pages"}],"about":[{"href":"https:\/\/orderwisly.pl\/index.php?rest_route=\/wp\/v2\/types\/page"}],"author":[{"embeddable":true,"href":"https:\/\/orderwisly.pl\/index.php?rest_route=\/wp\/v2\/users\/1"}],"replies":[{"embeddable":true,"href":"https:\/\/orderwisly.pl\/index.php?rest_route=%2Fwp%2Fv2%2Fcomments&post=193"}],"version-history":[{"count":5,"href":"https:\/\/orderwisly.pl\/index.php?rest_route=\/wp\/v2\/pages\/193\/revisions"}],"predecessor-version":[{"id":206,"href":"https:\/\/orderwisly.pl\/index.php?rest_route=\/wp\/v2\/pages\/193\/revisions\/206"}],"wp:attachment":[{"href":"https:\/\/orderwisly.pl\/index.php?rest_route=%2Fwp%2Fv2%2Fmedia&parent=193"}],"curies":[{"name":"wp","href":"https:\/\/api.w.org\/{rel}","templated":true}]}}