{"id":344,"date":"2023-01-22T15:36:50","date_gmt":"2023-01-22T15:36:50","guid":{"rendered":"https:\/\/orderwisly.pl\/?page_id=344"},"modified":"2023-01-22T16:20:56","modified_gmt":"2023-01-22T16:20:56","slug":"program-i-gali-orderu-rzeki-wisly","status":"publish","type":"page","link":"https:\/\/orderwisly.pl\/?page_id=344","title":{"rendered":"Program I Gali Orderu Rzeki Wis\u0142y"},"content":{"rendered":"\n<p class=\"has-text-align-center has-medium-font-size\">Program<br>I Gali Orderu Rzeki Wis\u0142y<br>Sandomierz 2018 r.<\/p>\n\n\n\n<p><strong>Sobota 24 lutego<\/strong><\/p>\n\n\n\n<p>13:00 Msza \u015bw. w intencji flisak\u00f3w i szkutnik\u00f3w,  celebrowana przez ks. Biskupa Diecezji Sandomierskiej Krzysztofa Nitkiewicza. - Ko\u015bci\u00f3\u0142 pw. Nawr\u00f3cenia \u015bw. Paw\u0142a Aposto\u0142a w Sandomierzu<\/p>\n\n\n\n<p>14:00 - 14:15 Rejestracja uczestnik\u00f3w Gali - Sala Rycerska Zamku Kr\u00f3lewskiego w Sandomierzu.<\/p>\n\n\n\n<p>14:15 Uroczyste wr\u0119czenie Orderu Rzeki Wis\u0142y - Sala Rycerska Zamku Kr\u00f3lewskiego w Sandomierzu.<\/p>\n\n\n\n<p>15:00 Przegl\u0105d lokalnych i ponadlokalnych projekt\u00f3w propaguj\u0105cych aktywno\u015b\u0107 na rzece Wi\u015ble w 100-leciu Niepodleg\u0142ej.<\/p>\n\n\n\n<p>18.00 Otwarty Panel Szkutniczy. Do dyskusji zapraszaj\u0105 szkutnicy: Wac\u0142aw Witkowski (Wielu\u0144), Tomasz Szcz\u0119sny (Ciechocinek), Dominik Wichman (Kamie\u0144czyk nad Bugiem\/Mazowieckie), Mateusz Tabaka (Basonia) - Ratusz Sandomierski.<\/p>\n\n\n\n<p>20.00 Flisackie toasty s\u0142owne i muzyczne - Piwnica W\u0119gra Lazarczyka, Hotel i Restauracja Pod Ci\u017cemk\u0105.<\/p>\n\n\n\n<p><strong>Niedziela 25 lutego<\/strong><\/p>\n\n\n\n<p>9.30 Sandomierz z Wis\u0142\u0105 w tle - spacer z przewodnikiem.<\/p>\n\n\n\n<p>11.00 Debata na temat narodowego programu restytucji szkutnictwa rzecznego - Piwnica W\u0119gra Lazarczyka, Hotel i Restauracja Pod Ci\u017cemk\u0105.<\/p>\n\n\n\n<p>13.00 Spotkanie Kapitu\u0142y Orderu Rzeki Wis\u0142y i Komitetu Organizacyjnego. Uroczyste podpisanie Regulamin\u00f3w pracy - ukonstytuowanie si\u0119 instytucji Gali Orderu Rzeki Wis\u0142y<br>- Piwnica W\u0119gra Lazarczyka, Hotel i Restauracja Pod Ci\u017cemk\u0105.<\/p>\n\n\n\n<p>Plakat \/ zaproszenie na I Gal\u0119 Orderu Rzeki Wis\u0142y, Sandomierz 2018 (<a href=\"https:\/\/orderwisly.pl\/wp-content\/uploads\/2023\/01\/plakat-zaproszenie-I-edycja-PDF-web.pdf\" target=\"_blank\" rel=\"noreferrer noopener\">plik PDF<\/a>)<br><img loading=\"lazy\" decoding=\"async\" width=\"600\" height=\"407\" class=\"wp-image-348\" style=\"width: 600px;\" src=\"https:\/\/orderwisly.pl\/wp-content\/uploads\/2023\/01\/plakat-zaproszenie-I-edycja.jpg\" alt=\"\" srcset=\"https:\/\/orderwisly.pl\/wp-content\/uploads\/2023\/01\/plakat-zaproszenie-I-edycja.jpg 1024w, https:\/\/orderwisly.pl\/wp-content\/uploads\/2023\/01\/plakat-zaproszenie-I-edycja-300x204.jpg 300w, https:\/\/orderwisly.pl\/wp-content\/uploads\/2023\/01\/plakat-zaproszenie-I-edycja-768x521.jpg 768w, https:\/\/orderwisly.pl\/wp-content\/uploads\/2023\/01\/plakat-zaproszenie-I-edycja-960x652.jpg 960w\" sizes=\"auto, (max-width: 600px) 100vw, 600px\" \/><\/p>\n","protected":false},"excerpt":{"rendered":"<p>ProgramI Gali Orderu Rzeki Wis\u0142ySandomierz 2018 r. Sobota 24 lutego 13:00 Msza \u015bw. w intencji flisak\u00f3w i szkutnik\u00f3w, celebrowana przez ks. Biskupa Diecezji Sandomierskiej Krzysztofa Nitkiewicza. - Ko\u015bci\u00f3\u0142 pw. Nawr\u00f3cenia \u015bw. Paw\u0142a Aposto\u0142a w Sandomierzu 14:00 - 14:15 Rejestracja uczestnik\u00f3w Gali - Sala Rycerska Zamku Kr\u00f3lewskiego w Sandomierzu. 14:15 Uroczyste wr\u0119czenie Orderu Rzeki Wis\u0142y - <a href=\"https:\/\/orderwisly.pl\/?page_id=344\" class=\"more-link\">Czytaj dalej...<span class=\"screen-reader-text\"> \"Program I Gali Orderu Rzeki Wis\u0142y\"<\/span><\/a><\/p>\n","protected":false},"author":1,"featured_media":0,"parent":0,"menu_order":0,"comment_status":"closed","ping_status":"closed","template":"","meta":{"footnotes":""},"class_list":["post-344","page","type-page","status-publish","h-entry","hentry","h-as-page"],"_links":{"self":[{"href":"https:\/\/orderwisly.pl\/index.php?rest_route=\/wp\/v2\/pages\/344","targetHints":{"allow":["GET"]}}],"collection":[{"href":"https:\/\/orderwisly.pl\/index.php?rest_route=\/wp\/v2\/pages"}],"about":[{"href":"https:\/\/orderwisly.pl\/index.php?rest_route=\/wp\/v2\/types\/page"}],"author":[{"embeddable":true,"href":"https:\/\/orderwisly.pl\/index.php?rest_route=\/wp\/v2\/users\/1"}],"replies":[{"embeddable":true,"href":"https:\/\/orderwisly.pl\/index.php?rest_route=%2Fwp%2Fv2%2Fcomments&post=344"}],"version-history":[{"count":6,"href":"https:\/\/orderwisly.pl\/index.php?rest_route=\/wp\/v2\/pages\/344\/revisions"}],"predecessor-version":[{"id":355,"href":"https:\/\/orderwisly.pl\/index.php?rest_route=\/wp\/v2\/pages\/344\/revisions\/355"}],"wp:attachment":[{"href":"https:\/\/orderwisly.pl\/index.php?rest_route=%2Fwp%2Fv2%2Fmedia&parent=344"}],"curies":[{"name":"wp","href":"https:\/\/api.w.org\/{rel}","templated":true}]}}