{"id":83,"date":"2019-03-15T13:44:32","date_gmt":"2019-03-15T13:44:32","guid":{"rendered":"http:\/\/orderwisly.pl\/?page_id=83"},"modified":"2019-03-15T13:44:32","modified_gmt":"2019-03-15T13:44:32","slug":"partnerzy-gali-2019","status":"publish","type":"page","link":"https:\/\/orderwisly.pl\/?page_id=83","title":{"rendered":"Partnerzy Gali 2019"},"content":{"rendered":"\n<p style=\"text-align:center\"><strong>Gala Orderu Rzeki Wis\u0142y<br> Sandomierz 2019<\/strong><\/p>\n\n\n\n<p><strong>Patronat honorowy<\/strong><\/p>\n\n\n\n<p>Burmistrz Miasta Sandomierza, W\u00f3jt Gminy Zaleszany<\/p>\n\n\n\n<p><strong>Patroni medialni<\/strong><\/p>\n\n\n\n<p>Miesi\u0119cznik \u017bagle, iTV Wis\u0142a, Tygodnik Nadwi\u015bla\u0144ski, Radio Leliwa, Radio Kielce<\/p>\n\n\n\n<p><strong>Partnerzy g\u0142\u00f3wni:<\/strong><\/p>\n\n\n\n<p> Miasto Sandomierz, Gmina Zaleszany, Wojew\u00f3dztwo Mazowieckie, Kapitan Prokop, Polski Zwi\u0105zek \u0141owiecki - Okr\u0119g Tarnobrzeski, Go\u015bciniec Ko\u0107mierz\u00f3w, Partnerstwo \u201eNap\u0119dzani Wis\u0142\u0105\u201d, Dubas \u201eSandomierka\u201d, Fundacja Fundusz Lokalny SMK<\/p>\n\n\n\n<p><strong>Partnerzy wspieraj\u0105cy:<\/strong><\/p>\n\n\n\n<p> Wojew\u00f3dztwo \u015awi\u0119tokrzyskie, Wojew\u00f3dztwo Kujawsko-Pomorskie, Muzeum Okr\u0119gowe w Sandomierzu, Hotel Restauracja Ci\u017cemka, Widnokr\u0105g, Sandomierskie Centrum Kultury, Winnica Sandomierska, Powiat Sandomierski, Diecezja Sandomierska, Chor\u0105giew Rycerstwa Ziemi Sandomierskiej, Powiat Ni\u017ca\u0144ski, Sandomierskie Stowarzyszenie Winiarzy, FHU Korona - Owoce i Warzywa, Polski Zwi\u0105zek W\u0119dkarski Okr\u0119g Tarnobrzeg, F.H.U. \u201eJap\u201d Janusz Po\u0144ski, Kujawsko - Dobrzy\u0144ska Organizacja Turystyczna, Fundacja Wolna Wis\u0142a<\/p>\n\n\n\n<p><strong>Organizatorzy<\/strong><\/p>\n\n\n\n<p>Kapitu\u0142a Orderu Rzeki Wis\u0142y, Grzegorz \u015awitalski (Dubas \u201eSandomierka\u201d, Zesp\u00f3\u0142 Hambawenah), Stanis\u0142aw Baska (Fundacja Fundusz Lokalny SMK , Go\u015bciniec Ko\u0107mierz\u00f3w), Jacek Marczewski (Warszawa), Aleksandra Rutkowska (Krak\u00f3w), Andrzej Sta\u0144ski i Fundacja \u201eSzerokie Wody\u201d (Warszawa)<\/p>\n","protected":false},"excerpt":{"rendered":"<p>Gala Orderu Rzeki Wis\u0142y Sandomierz 2019 Patronat honorowy Burmistrz Miasta Sandomierza, W\u00f3jt Gminy Zaleszany Patroni medialni Miesi\u0119cznik \u017bagle, iTV Wis\u0142a, Tygodnik Nadwi\u015bla\u0144ski, Radio Leliwa, Radio Kielce Partnerzy g\u0142\u00f3wni: Miasto Sandomierz, Gmina Zaleszany, Wojew\u00f3dztwo Mazowieckie, Kapitan Prokop, Polski Zwi\u0105zek \u0141owiecki - Okr\u0119g Tarnobrzeski, Go\u015bciniec Ko\u0107mierz\u00f3w, Partnerstwo \u201eNap\u0119dzani Wis\u0142\u0105\u201d, Dubas \u201eSandomierka\u201d, Fundacja Fundusz Lokalny SMK Partnerzy wspieraj\u0105cy: <a href=\"https:\/\/orderwisly.pl\/?page_id=83\" class=\"more-link\">Czytaj dalej...<span class=\"screen-reader-text\"> \"Partnerzy Gali 2019\"<\/span><\/a><\/p>\n","protected":false},"author":1,"featured_media":0,"parent":0,"menu_order":0,"comment_status":"closed","ping_status":"closed","template":"page-templates\/full-width.php","meta":{"footnotes":""},"class_list":["post-83","page","type-page","status-publish","h-entry","hentry","h-as-page"],"_links":{"self":[{"href":"https:\/\/orderwisly.pl\/index.php?rest_route=\/wp\/v2\/pages\/83","targetHints":{"allow":["GET"]}}],"collection":[{"href":"https:\/\/orderwisly.pl\/index.php?rest_route=\/wp\/v2\/pages"}],"about":[{"href":"https:\/\/orderwisly.pl\/index.php?rest_route=\/wp\/v2\/types\/page"}],"author":[{"embeddable":true,"href":"https:\/\/orderwisly.pl\/index.php?rest_route=\/wp\/v2\/users\/1"}],"replies":[{"embeddable":true,"href":"https:\/\/orderwisly.pl\/index.php?rest_route=%2Fwp%2Fv2%2Fcomments&post=83"}],"version-history":[{"count":1,"href":"https:\/\/orderwisly.pl\/index.php?rest_route=\/wp\/v2\/pages\/83\/revisions"}],"predecessor-version":[{"id":84,"href":"https:\/\/orderwisly.pl\/index.php?rest_route=\/wp\/v2\/pages\/83\/revisions\/84"}],"wp:attachment":[{"href":"https:\/\/orderwisly.pl\/index.php?rest_route=%2Fwp%2Fv2%2Fmedia&parent=83"}],"curies":[{"name":"wp","href":"https:\/\/api.w.org\/{rel}","templated":true}]}}